. Let m(k) = -2*g(k) - 5*s(k). Determine m(o).
-1
Let u(v) = -v**3 - 3*v**2 - v - 2. Let f be u(-3). Let y(s) = 0*s**3 - 10*s**3 + 98*s + 101*s - 200*s. What is y(f)?
-11
Let r(g) be the second derivative of g**5/20 + g**4/6 - 5*g**2/2 + 64*g + 14. Calculate r(-2).
-5
Let a = 4538 - 4529. Let z(v) = -2*v**2 + 19*v - 10. What is z(a)?
-1
Let x(k) = k**2 + 4. Let l(w) = -2*w**2 - 30*w - 86. Let p be l(-11). What is x(p)?
8
Let i(m) = -2*m. Let j(b) be the third derivative of -1/30*b**5 + 0 + 0*b + 0*b**3 + 0*b**4 + 18*b**2. Let h be j(-1). What is i(h)?
4
Let r(z) = z**3 - 28*z**2 - z + 23. Suppose 197 + 83 = 10*w. Let p be r(w). Let m(x) = -x**2 - 6*x - 4. Calculate m(p).
1
Let m(i) = -i**2 - 2*i - 8. Let f = 412 - 464. Let h be ((-26)/f)/((10/(-28))/5). Determine m(h).
-43
Let f = -541 - -1647. Let n(m) = -f*m - 2*m**2 - 3 - m**2 + 1102*m. Determine n(-3).
-18
Suppose 20*g = 13*g - 56. Let f = -2 + g. Let x(j) = 0*j - 2*j + 16 + 3*j - 3. Give x(f).
3
Let g(b) = 3*b + 22. Let h be g(-6). Suppose -y + 4*y - h*a - 41 = 0, -4*y - 4*a = -8. Let p(c) = c**3 - 8*c**2 + 6*c + 8. Give p(y).
1
Let q be (-160)/(-70) + (-4)/14. Suppose n + 8 = 7, 0 = q*j + 4*n - 8. Let z(a) = -a**2 + a + 2. Give z(j).
-28
Let x(o) = -6*o + 102. Let y be ((-12)/(-5))/((-1)/5 + (-2)/(-4)). Give x(y).
54
Let a(b) be the first derivative of 25*b**2/2 + 115*b + 1465. Determine a(-5).
-10
Let p(h) = -3*h + 15. Let t be p(6). Let l(n) = n**3 + 2*n**2 - 2*n + 9. Let q(u) = -u**3 - u**2 + u - 7. Let f(d) = -2*l(d) - 3*q(d). Give f(t).
-36
Let i be (7/(-35))/((-2)/(-30)). Let z(w) = 0*w**2 - 4 + 1 + 4*w + w**2 + 2. Determine z(i).
-4
Let o(f) = f**3 + 10*f**2 + 6*f - 4. Let b = -5 - -4. Let y(i) be the first derivative of i**3/3 + 31. Let r(k) = b*o(k) + 2*y(k). What is r(-7)?
-3
Let c(j) = 4*j + 10. Let w be (15/(-9) + 2)/((-151)/4983). Give c(w).
-34
Let v(r) = -511396*r**3 + 3 - 26 - 15*r + 12*r**2 - r**2 + 511397*r**3 - 3. What is v(-12)?
10
Let u(s) = -s**2 - 22*s + 263. Let x(p) = p**2 + 16*p - 203. Let j(h) = 7*u(h) + 9*x(h). What is j(9)?
86
Let c(d) = 4*d**2 - d - 11. Let g(r) = -9*r**2 + 19*r + 43. Let w(y) = -3*c(y) - g(y). Give w(-3).
11
Let x be 627/(-19) + (3 - 0). Let v = x + 41. Let s(z) = z + 5. Calculate s(v).
16
Let b(p) = -p**2 + 8*p + 4. Let x = -867 - -872. Suppose 4*v - r - 44 = -5*r, -x*v + 43 = r. What is b(v)?
4
Let y = 47 + -45. Let w(m) = -m**2 - 3809*m + 4*m**y + 2 - 2*m**2 + 3816*m. Let n = 9 - 17. What is w(n)?
10
Let a be 6/2*3489/10467. Let l(r) = -2*r + 3 + 2*r**2 - 3 + 2. Determine l(a).
2
Let v(i) be the second derivative of i**5/20 + 3*i**4/2 + 8*i**3/3 - 12*i**2 + 17*i + 3. Let k(n) = 6*n + 67. Let x be k(-14). Give v(x).
-7
Let i(l) = 10*l**2 + 7*l - 16. Let p(r) = -4*r**2 + 2*r. Let d(x) = i(x) + 3*p(x). What is d(4)?
4
Let i(r) = -2896 + r**3 + 14*r**2 + 3*r**2 + 2890. Give i(-17).
-6
Let c(p) = 7*p + 4. Let m = -818 - -888. Let g = 91 - 164. Let x = m + g. What is c(x)?
-17
Suppose 4*k = -4*k + 16. Let s(y) = -y**k + y + 25*y + 8 - 20*y. Calculate s(6).
8
Let l(h) = -4*h**3 + 7*h**2 + 18*h - 17. Let c(x) = 6*x**3 - 10*x**2 - 26*x + 25. Let b(v) = -5*c(v) - 7*l(v). Let n be b(1). Let j(g) = -4*g - 7. What is j(n)?
5
Let s be (2/6)/(16/2160*15). Let y(o) = -o. Let x(v) = -6*v. Let d(h) = x(h) - 4*y(h). Let g be d(s). Let p(u) = -u + 4. Determine p(g).
10
Let w(p) = -p. Suppose -39*j + 34*j - 25 = -5*f, -5*f + 60 = 2*j. What is w(f)?
-10
Suppose -2*t = 2*h, t - 45 = 5*h - 63. Let d(g) = -g**3 - 4*g**2 + 4*g + 5. What is d(t)?
-16
Let q(a) = -a**3 - 48*a**2 + 14*a + 62. Let y(w) = 16*w**2 - 4*w - 20. Let g(t) = -2*q(t) - 7*y(t). Give g(8).
16
Suppose 48*t - 183 + 91 = 196. Let w(u) = -5*u - 10. What is w(t)?
-40
Let u be ((-16)/10)/(14/140). Let t be ((-1 - 0)*-1)/(u/(-32)). Let x(o) = -1 + 0 - o**t + 6*o - 13*o + 9*o. Give x(3).
-4
Let i be 1/(2/24)*1. Let z be (-15)/i - (-3)/12. Let x(b) be the second derivative of 3*b**5/20 + b**4/6 + b**3/6 - 19*b + 2. Determine x(z).
-2
Let v(p) = 12*p**3 + 20*p**2 + 18*p - 8. Let x(d) = 7*d**3 + 10*d**2 + 10*d - 4. Let h(k) = -3*v(k) + 5*x(k). What is h(-9)?
-41
Let x(o) = o**2 - 13*o + 2. Let u(h) = -662*h + 14574. Let w be u(22). What is x(w)?
-28
Let c(s) be the third derivative of 1/2*s**3 - 7/24*s**4 + 0 - s + 86*s**2. Calculate c(4).
-25
Let w = -67 + 72. Let f(a) = 4*a**3 + 7 - 4*a**3 + 4*a**3 + 7*a**2 - w*a**3. Suppose -2 = -4*u + 26. Calculate f(u).
7
Let h(l) = 16*l**2 + 35*l - 4. Let c(a) = 17*a**2 + 26*a - 3. Let q(g) = -4*c(g) + 3*h(g). Calculate q(-1).
-21
Let n(s) = -s**3 + 2*s**2 + 12. Let q(k) = -k**3 + 16*k**2 - 60*k + 675. Let r be q(15). Calculate n(r).
12
Let n(h) = -h**2 + 5*h + 5. Suppose 2*s = -3*c - 199, 0*s - 401 = 4*s + 3*c. Let a = 47 + s. Let m be (21/(-9) - -2)/(3/a). Determine n(m).
-1
Let j(f) = f**3 + 46*f**2 + 42*f - 141. Suppose -438 + 2103 = -37*g. Give j(g).
-6
Let g(c) = c**3 + 6*c**2 + 3*c + 3. Suppose 0 = -x - 2*s + 5, -s + 0 = 5. Suppose 0*f - f = -4. Suppose 4*t = -i - 17, f*t = -x + 3. Calculate g(i).
13
Let g = 4 + -31. Let r be (-6)/15 - g/5. Let j(n) = n**3 - 2*n**2 + r - 3*n - 5*n**2 - 4*n + 3*n**2. Determine j(5).
-5
Let k(o) = 3*o**2 + 7*o - 8. Let x = 7 + -4. Let c(l) = -3*l - 7*l + x - l**2 + 8*l. Let t(h) = 8*c(h) + 3*k(h). Calculate t(-6).
6
Suppose 130*i = 74*i + 112. Let x(n) be the third derivative of 1/2*n**3 + 1/12*n**5 + 1/120*n**6 + 0 + 0*n + 0*n**4 + 6*n**i. Calculate x(-5).
3
Let j(o) = o**2 - 6*o - 1. Let b(x) = x**2 - 9*x - 17. Suppose 37 = 4*h - 5*p - 22, -35 = -4*h - 3*p. Let m be b(h). Determine j(m).
-6
Let c(x) = x + 7*x - 12394 + 12388. Determine c(1).
2
Let q(p) = -p**3 - 5*p**2 + 6*p + 4. Let r(b) = 35*b + 64. Suppose -59*o = 4 + 114. Let h be r(o). Calculate q(h).
4
Suppose -3*o - 5 = -4*o. Let v(n) = 2*n + 3*n + n - o*n. Let x(c) = -c + 2. Let y(k) = -4*v(k) - x(k). What is y(-2)?
4
Let w(y) be the second derivative of -1/6*y**4 - 1/3*y**3 + y - 1/2*y**2 - 30 + 1/20*y**5. Give w(-2).
-13
Let d(m) be the first derivative of -m**5/20 - 3*m**4/4 - m**3/2 - 9*m**2/2 + 223*m - 38. Let l(z) be the first derivative of d(z). Determine l(-9).
18
Let r = 113 + -111. Let v(g) = 2 - 87*g**2 - 87*g**2 + 5*g + 178*g**r. Determine v(-3).
23
Suppose -4*b + 144 = 80. Suppose -b = 15*m - 11*m. Let t(i) = -i**3 - 5*i**2 - 3*i + 4. What is t(m)?
0
Let o(y) = 19 + y**3 - 14*y - 1 + 0*y**2 - 3*y**2 - y**2. Let a be o(6). Suppose 5 = a*d - 19. Let p(c) = -3*c - 4. Determine p(d).
-16
Let f be (5*(2448/200 - 12))/(3/5). Let l(m) = -4*m**2 - m + 6. Calculate l(f).
-12
Let m(n) = -2*n - 31. Let w be m(-8). Let y be 3/3 + 2 - w/(-3). Let c(h) = -h - 1. Calculate c(y).
1
Let v(c) be the second derivative of 13*c**4/12 - c**2/2 + c. Let j = 184 - 179. Suppose 5*m = 5*y + 3*m - 1, -y - j*m - 16 = 0. Calculate v(y).
12
Let o(f) = 5*f**3 + f - 632*f**2 + 431*f**2 + 3 + 203*f**2. Determine o(-2).
-31
Let o(r) = r - 3. Suppose -3*k - 13 = 5*x, 3*k - 3*x + 2 = 5. Let f be (12/10)/(k/(-5)). Suppose 3*h + h = v + 17, 3*v = -3*h - f. Determine o(h).
0
Let h(d) be the second derivative of d**3/3 + 15*d**2/2 + 2177*d. What is h(-6)?
3
Suppose 3*c = 2*g - 15, -7*g = -3*g + 3*c - 3. Let k(o) = 2*o**2 + 2*o - 3. Let y be k(g). Let m(f) = 16*f - y*f + 1 + 4. Determine m(4).
-15
Let t(v) be the first derivative of -1/2*v**4 + v**3 + 94 - v**2 + v. What is t(2)?
-7
Let n(y) = y**2 + 9*y - 5. Let g be n(7). Suppose 35 - g = -12*a. Suppose 2*h - a = 5*w - w, -4*w = 16. Let o(b) = b**3 + 5*b**2 + 2*b + 2. Give o(h).
-8
Let m(l) = 464 + 461 - 3*l**2 - 940 - 12*l. Let s(r) = 2*r**2 + 2*r. Let f(b) = -m(b) - s(b). What is f(-6)?
-9
Let g be 14/(-21) + 41/3. Suppose -2*a - 8*a = -20. Let i(v) = 17 - 2*v**2 + 3*v**a - g + 4*v. What is i(-4)?
4
Let x(s) = -3*s**2 - 2*s + 7. Let y(v) = -12*v + 367. Let p be y(31). Determine x(p).
-58
Let m(f) = -f**3 + 8*f**2 - 5*f - 7. Let x be 3 + ((-4)/(-6) - 91/(-39)). Suppose 33 = -x*z + 7*z. Suppose -z - 16 = -7*a. Calculate m(a).
7
Let z be 11 - 35/((-15)/(-3)). Suppose -z*b + 40 = w, -5*b - 22 = 3*w - 79. Let s(q) = -2*q + 11. Give s(b).
-7
Let k(s) be the first derivative of 6*s**2 - s + 1201. Let a = 8 + -6. Suppose a*p + p = -3. Determine k(p).
-13
Let u(o) = o**3 - 6*o**2 - o + 6. Let d(p) = -p**3 - p**2 + 6*p + 3. Let b be d(-4). Suppos